{"id":1406,"date":"2026-04-04T13:48:45","date_gmt":"2026-04-04T11:48:45","guid":{"rendered":"https:\/\/lueurvegetale.fr\/?page_id=1406"},"modified":"2026-04-04T13:48:46","modified_gmt":"2026-04-04T11:48:46","slug":"ateliers-a-rennes","status":"publish","type":"page","link":"https:\/\/lueurvegetale.fr\/index.php\/ateliers-a-rennes\/","title":{"rendered":"Ateliers \u00e0 Rennes"},"content":{"rendered":"\n<h2 class=\"wp-block-heading\"><strong>Ateliers Wecandoo : Dates r\u00e9guli\u00e8res les dimanches<\/strong><\/h2>\n\n\n\n<p>En partenariat avec <a href=\"https:\/\/wecandoo.fr\/artisan\/rennes-teinturiere-carole\" target=\"_blank\" rel=\"noreferrer noopener\">Wecandoo<\/a>, des ateliers couleurs v\u00e9g\u00e9tales ouverts \u00e0 toutes et tous dans un superbe espace d\u00e9di\u00e9 aux ateliers Do It Yourself chez Succulente Design Vegetal.<\/p>\n\n\n\n<h4 class=\"wp-block-heading\">Atelier &#8220;<a href=\"https:\/\/wecandoo.fr\/atelier\/rennes-carole-initiation-teinture-vegetale\" target=\"_blank\" rel=\"noreferrer noopener\">Initiez-vous \u00e0 la Teinture V\u00e9g\u00e9tale<\/a>&#8220;<\/h4>\n\n\n\n<p><strong>Apprenez les bases de la teinture v\u00e9g\u00e9tale<\/strong> pour colorer naturellement vos cr\u00e9ations textiles :<\/p>\n\n\n\n<div class=\"wp-block-columns is-layout-flex wp-container-core-columns-is-layout-9d6595d7 wp-block-columns-is-layout-flex\">\n<div class=\"wp-block-column is-layout-flow wp-block-column-is-layout-flow\" style=\"flex-basis:25%\">\n<figure class=\"wp-block-gallery has-nested-images columns-2 is-cropped wp-block-gallery-1 is-layout-flex wp-block-gallery-is-layout-flex\">\n<figure class=\"wp-block-image size-large\"><img loading=\"lazy\" decoding=\"async\" width=\"889\" height=\"1024\" data-id=\"1067\" src=\"https:\/\/lueurvegetale.fr\/wp-content\/uploads\/2024\/04\/TEINTURE-889x1024.jpg\" alt=\"\" class=\"wp-image-1067\" srcset=\"https:\/\/lueurvegetale.fr\/wp-content\/uploads\/2024\/04\/TEINTURE-889x1024.jpg 889w, https:\/\/lueurvegetale.fr\/wp-content\/uploads\/2024\/04\/TEINTURE-260x300.jpg 260w, https:\/\/lueurvegetale.fr\/wp-content\/uploads\/2024\/04\/TEINTURE-768x885.jpg 768w, https:\/\/lueurvegetale.fr\/wp-content\/uploads\/2024\/04\/TEINTURE-1333x1536.jpg 1333w, https:\/\/lueurvegetale.fr\/wp-content\/uploads\/2024\/04\/TEINTURE-1777x2048.jpg 1777w\" sizes=\"auto, (max-width: 889px) 100vw, 889px\" \/><\/figure>\n<\/figure>\n<\/div>\n\n\n\n<div class=\"wp-block-column is-layout-flow wp-block-column-is-layout-flow\">\n<ul class=\"wp-block-list\">\n<li><strong>Pr\u00e9paration du tissu<\/strong> pour une fixation durable<\/li>\n\n\n\n<li><strong>Extraction des couleurs v\u00e9g\u00e9tales<\/strong> : techniques traditionnelles<\/li>\n\n\n\n<li><strong>Cr\u00e9ation bain de teinture<\/strong> : processus complet<\/li>\n\n\n\n<li><strong>R\u00e9alisation textile color\u00e9<\/strong> : votre cr\u00e9ation unique<\/li>\n<\/ul>\n\n\n\n<p><strong>Dur\u00e9e<\/strong> : 2h30<\/p>\n\n\n\n<p><strong>Lieu<\/strong> : <a href=\"https:\/\/www.succulentedesignvegetal.com\/\" target=\"_blank\" rel=\"noreferrer noopener\">Succulente Design V\u00e9g\u00e9tal<\/a>, 9 rue de Bertrand, Rennes<\/p>\n\n\n\n<p><strong>Prochaines date<\/strong>s <strong>disponibles <\/strong>: Dimanche 5 juillet 2026 \u00e0 14h<br><\/p>\n<\/div>\n<\/div>\n\n\n\n<h4 class=\"wp-block-heading\">Atelier &#8220;<a href=\"https:\/\/wecandoo.fr\/atelier\/rennes-carole-encres-naturelles\" target=\"_blank\" rel=\"noreferrer noopener\">R\u00e9alisez vos Encres V\u00e9g\u00e9tales<\/a>&#8220;<\/h4>\n\n\n\n<p><strong>Cr\u00e9ez votre palette d&#8217;aquarelles naturelles<\/strong> et peignez vos \u0153uvres originales :<\/p>\n\n\n\n<div class=\"wp-block-columns is-layout-flex wp-container-core-columns-is-layout-9d6595d7 wp-block-columns-is-layout-flex\">\n<div class=\"wp-block-column is-layout-flow wp-block-column-is-layout-flow\" style=\"flex-basis:25%\">\n<figure class=\"wp-block-gallery has-nested-images columns-2 is-cropped wp-block-gallery-2 is-layout-flex wp-block-gallery-is-layout-flex\">\n<figure class=\"wp-block-image size-large\"><img loading=\"lazy\" decoding=\"async\" width=\"768\" height=\"1024\" data-id=\"1068\" src=\"https:\/\/lueurvegetale.fr\/wp-content\/uploads\/2024\/04\/20220620_181619-1-768x1024.jpg\" alt=\"\" class=\"wp-image-1068\" srcset=\"https:\/\/lueurvegetale.fr\/wp-content\/uploads\/2024\/04\/20220620_181619-1-768x1024.jpg 768w, https:\/\/lueurvegetale.fr\/wp-content\/uploads\/2024\/04\/20220620_181619-1-225x300.jpg 225w, https:\/\/lueurvegetale.fr\/wp-content\/uploads\/2024\/04\/20220620_181619-1-1152x1536.jpg 1152w, https:\/\/lueurvegetale.fr\/wp-content\/uploads\/2024\/04\/20220620_181619-1-1536x2048.jpg 1536w, https:\/\/lueurvegetale.fr\/wp-content\/uploads\/2024\/04\/20220620_181619-1-scaled.jpg 1920w\" sizes=\"auto, (max-width: 768px) 100vw, 768px\" \/><\/figure>\n<\/figure>\n<\/div>\n\n\n\n<div class=\"wp-block-column is-layout-flow wp-block-column-is-layout-flow\">\n<ul class=\"wp-block-list\">\n<li><strong>Extraction couleurs naturelles<\/strong> des v\u00e9g\u00e9taux locaux<\/li>\n\n\n\n<li><strong>Fabrication encres v\u00e9g\u00e9tales<\/strong> : recettes ancestrales<\/li>\n\n\n\n<li><strong>Cr\u00e9ation nuancier personnel<\/strong> : votre palette unique<\/li>\n\n\n\n<li><strong>Peinture aquarelle<\/strong> : carte ou marque-page personnalis\u00e9<\/li>\n<\/ul>\n\n\n\n<p><strong>Dur\u00e9e<\/strong> : 2h30<\/p>\n\n\n\n<p><strong>Lieu<\/strong> : <a href=\"https:\/\/www.succulentedesignvegetal.com\/\" target=\"_blank\" rel=\"noreferrer noopener\">Succulente Design V\u00e9g\u00e9tal<\/a>, 9 rue de Bertrand, Rennes<\/p>\n\n\n\n<p><strong>Prochaines date<\/strong>s <strong>disponibles <\/strong>: <\/p>\n\n\n\n<p>Dimanche 31 mai 2026 \u00e0 14h<\/p>\n\n\n\n<p>Dimanche 5 juillet 2026 \u00e0 10h<\/p>\n<\/div>\n<\/div>\n\n\n\n<p><strong>\ud83c\udf38 <a href=\"https:\/\/lueurvegetale.fr\/index.php\/contact\/\" target=\"_blank\" rel=\"noreferrer noopener\">N&#8217;hesitez pas \u00e0 me contacter <\/a>pour r\u00e9server ou organiser un atelier<\/strong> personnalis\u00e9, EVJF, team-building, etc&#8230;<\/p>\n\n\n\n<h2 class=\"wp-block-heading\"><\/h2>\n\n\n\n<p><\/p>\n","protected":false},"excerpt":{"rendered":"<p>Ateliers Wecandoo : Dates r\u00e9guli\u00e8res les dimanches En partenariat avec Wecandoo, des ateliers couleurs v\u00e9g\u00e9tales ouverts \u00e0 toutes et tous dans un superbe espace d\u00e9di\u00e9 aux ateliers Do It Yourself chez Succulente Design Vegetal. Atelier &#8220;Initiez-vous \u00e0 la Teinture V\u00e9g\u00e9tale&#8220; Apprenez les bases de la teinture v\u00e9g\u00e9tale pour colorer naturellement vos cr\u00e9ations textiles : Dur\u00e9e [&hellip;]<\/p>\n","protected":false},"author":1,"featured_media":0,"parent":0,"menu_order":0,"comment_status":"closed","ping_status":"closed","template":"","meta":{"_monsterinsights_skip_tracking":false,"_monsterinsights_sitenote_active":false,"_monsterinsights_sitenote_note":"","_monsterinsights_sitenote_category":0,"footnotes":""},"class_list":["post-1406","page","type-page","status-publish","hentry"],"yoast_head":"<!-- This site is optimized with the Yoast SEO plugin v25.6 - https:\/\/yoast.com\/wordpress\/plugins\/seo\/ -->\n<title>Ateliers \u00e0 Rennes - Lueur v\u00e9g\u00e9tale<\/title>\n<meta name=\"description\" content=\"Ateliers couleurs v\u00e9g\u00e9tales balades nature Bretagne. Animations art et nature \u00e9v\u00e9nements famille, EVJF, team building Rennes, Ille-et-Vilaine\" \/>\n<meta name=\"robots\" content=\"index, follow, max-snippet:-1, max-image-preview:large, max-video-preview:-1\" \/>\n<link rel=\"canonical\" href=\"https:\/\/lueurvegetale.fr\/index.php\/ateliers-a-rennes\/\" \/>\n<meta property=\"og:locale\" content=\"en_US\" \/>\n<meta property=\"og:type\" content=\"article\" \/>\n<meta property=\"og:title\" content=\"Ateliers \u00e0 Rennes - Lueur v\u00e9g\u00e9tale\" \/>\n<meta property=\"og:description\" content=\"Ateliers couleurs v\u00e9g\u00e9tales balades nature Bretagne. Animations art et nature \u00e9v\u00e9nements famille, EVJF, team building Rennes, Ille-et-Vilaine\" \/>\n<meta property=\"og:url\" content=\"https:\/\/lueurvegetale.fr\/index.php\/ateliers-a-rennes\/\" \/>\n<meta property=\"og:site_name\" content=\"Lueur v\u00e9g\u00e9tale\" \/>\n<meta property=\"article:modified_time\" content=\"2026-04-04T11:48:46+00:00\" \/>\n<meta property=\"og:image\" content=\"https:\/\/lueurvegetale.fr\/wp-content\/uploads\/2024\/04\/TEINTURE-889x1024.jpg\" \/>\n<meta name=\"twitter:card\" content=\"summary_large_image\" \/>\n<meta name=\"twitter:label1\" content=\"Est. reading time\" \/>\n\t<meta name=\"twitter:data1\" content=\"2 minutes\" \/>\n<script type=\"application\/ld+json\" class=\"yoast-schema-graph\">{\"@context\":\"https:\/\/schema.org\",\"@graph\":[{\"@type\":\"WebPage\",\"@id\":\"https:\/\/lueurvegetale.fr\/index.php\/ateliers-a-rennes\/\",\"url\":\"https:\/\/lueurvegetale.fr\/index.php\/ateliers-a-rennes\/\",\"name\":\"Ateliers \u00e0 Rennes - Lueur v\u00e9g\u00e9tale\",\"isPartOf\":{\"@id\":\"https:\/\/lueurvegetale.fr\/#website\"},\"primaryImageOfPage\":{\"@id\":\"https:\/\/lueurvegetale.fr\/index.php\/ateliers-a-rennes\/#primaryimage\"},\"image\":{\"@id\":\"https:\/\/lueurvegetale.fr\/index.php\/ateliers-a-rennes\/#primaryimage\"},\"thumbnailUrl\":\"https:\/\/lueurvegetale.fr\/wp-content\/uploads\/2024\/04\/TEINTURE-889x1024.jpg\",\"datePublished\":\"2026-04-04T11:48:45+00:00\",\"dateModified\":\"2026-04-04T11:48:46+00:00\",\"description\":\"Ateliers couleurs v\u00e9g\u00e9tales balades nature Bretagne. Animations art et nature \u00e9v\u00e9nements famille, EVJF, team building Rennes, Ille-et-Vilaine\",\"breadcrumb\":{\"@id\":\"https:\/\/lueurvegetale.fr\/index.php\/ateliers-a-rennes\/#breadcrumb\"},\"inLanguage\":\"en-US\",\"potentialAction\":[{\"@type\":\"ReadAction\",\"target\":[\"https:\/\/lueurvegetale.fr\/index.php\/ateliers-a-rennes\/\"]}]},{\"@type\":\"ImageObject\",\"inLanguage\":\"en-US\",\"@id\":\"https:\/\/lueurvegetale.fr\/index.php\/ateliers-a-rennes\/#primaryimage\",\"url\":\"https:\/\/lueurvegetale.fr\/wp-content\/uploads\/2024\/04\/TEINTURE-scaled.jpg\",\"contentUrl\":\"https:\/\/lueurvegetale.fr\/wp-content\/uploads\/2024\/04\/TEINTURE-scaled.jpg\",\"width\":2221,\"height\":2560},{\"@type\":\"BreadcrumbList\",\"@id\":\"https:\/\/lueurvegetale.fr\/index.php\/ateliers-a-rennes\/#breadcrumb\",\"itemListElement\":[{\"@type\":\"ListItem\",\"position\":1,\"name\":\"Accueil\",\"item\":\"https:\/\/lueurvegetale.fr\/\"},{\"@type\":\"ListItem\",\"position\":2,\"name\":\"Ateliers \u00e0 Rennes\"}]},{\"@type\":\"WebSite\",\"@id\":\"https:\/\/lueurvegetale.fr\/#website\",\"url\":\"https:\/\/lueurvegetale.fr\/\",\"name\":\"Lueur v\u00e9g\u00e9tale\",\"description\":\"Explorer les couleurs v\u00e9g\u00e9tales, s&#039;inspirer de la sagesse des plantes\",\"publisher\":{\"@id\":\"https:\/\/lueurvegetale.fr\/#organization\"},\"potentialAction\":[{\"@type\":\"SearchAction\",\"target\":{\"@type\":\"EntryPoint\",\"urlTemplate\":\"https:\/\/lueurvegetale.fr\/?s={search_term_string}\"},\"query-input\":{\"@type\":\"PropertyValueSpecification\",\"valueRequired\":true,\"valueName\":\"search_term_string\"}}],\"inLanguage\":\"en-US\"},{\"@type\":\"Organization\",\"@id\":\"https:\/\/lueurvegetale.fr\/#organization\",\"name\":\"Lueur v\u00e9g\u00e9tale\",\"url\":\"https:\/\/lueurvegetale.fr\/\",\"logo\":{\"@type\":\"ImageObject\",\"inLanguage\":\"en-US\",\"@id\":\"https:\/\/lueurvegetale.fr\/#\/schema\/logo\/image\/\",\"url\":\"https:\/\/lueurvegetale.fr\/wp-content\/uploads\/2020\/11\/cropped-EXE-LUEUR-VEGETALE-3-1.jpg\",\"contentUrl\":\"https:\/\/lueurvegetale.fr\/wp-content\/uploads\/2020\/11\/cropped-EXE-LUEUR-VEGETALE-3-1.jpg\",\"width\":1414,\"height\":1029,\"caption\":\"Lueur v\u00e9g\u00e9tale\"},\"image\":{\"@id\":\"https:\/\/lueurvegetale.fr\/#\/schema\/logo\/image\/\"}}]}<\/script>\n<!-- \/ Yoast SEO plugin. -->","yoast_head_json":{"title":"Ateliers \u00e0 Rennes - Lueur v\u00e9g\u00e9tale","description":"Ateliers couleurs v\u00e9g\u00e9tales balades nature Bretagne. Animations art et nature \u00e9v\u00e9nements famille, EVJF, team building Rennes, Ille-et-Vilaine","robots":{"index":"index","follow":"follow","max-snippet":"max-snippet:-1","max-image-preview":"max-image-preview:large","max-video-preview":"max-video-preview:-1"},"canonical":"https:\/\/lueurvegetale.fr\/index.php\/ateliers-a-rennes\/","og_locale":"en_US","og_type":"article","og_title":"Ateliers \u00e0 Rennes - Lueur v\u00e9g\u00e9tale","og_description":"Ateliers couleurs v\u00e9g\u00e9tales balades nature Bretagne. Animations art et nature \u00e9v\u00e9nements famille, EVJF, team building Rennes, Ille-et-Vilaine","og_url":"https:\/\/lueurvegetale.fr\/index.php\/ateliers-a-rennes\/","og_site_name":"Lueur v\u00e9g\u00e9tale","article_modified_time":"2026-04-04T11:48:46+00:00","og_image":[{"url":"https:\/\/lueurvegetale.fr\/wp-content\/uploads\/2024\/04\/TEINTURE-889x1024.jpg","type":"","width":"","height":""}],"twitter_card":"summary_large_image","twitter_misc":{"Est. reading time":"2 minutes"},"schema":{"@context":"https:\/\/schema.org","@graph":[{"@type":"WebPage","@id":"https:\/\/lueurvegetale.fr\/index.php\/ateliers-a-rennes\/","url":"https:\/\/lueurvegetale.fr\/index.php\/ateliers-a-rennes\/","name":"Ateliers \u00e0 Rennes - Lueur v\u00e9g\u00e9tale","isPartOf":{"@id":"https:\/\/lueurvegetale.fr\/#website"},"primaryImageOfPage":{"@id":"https:\/\/lueurvegetale.fr\/index.php\/ateliers-a-rennes\/#primaryimage"},"image":{"@id":"https:\/\/lueurvegetale.fr\/index.php\/ateliers-a-rennes\/#primaryimage"},"thumbnailUrl":"https:\/\/lueurvegetale.fr\/wp-content\/uploads\/2024\/04\/TEINTURE-889x1024.jpg","datePublished":"2026-04-04T11:48:45+00:00","dateModified":"2026-04-04T11:48:46+00:00","description":"Ateliers couleurs v\u00e9g\u00e9tales balades nature Bretagne. Animations art et nature \u00e9v\u00e9nements famille, EVJF, team building Rennes, Ille-et-Vilaine","breadcrumb":{"@id":"https:\/\/lueurvegetale.fr\/index.php\/ateliers-a-rennes\/#breadcrumb"},"inLanguage":"en-US","potentialAction":[{"@type":"ReadAction","target":["https:\/\/lueurvegetale.fr\/index.php\/ateliers-a-rennes\/"]}]},{"@type":"ImageObject","inLanguage":"en-US","@id":"https:\/\/lueurvegetale.fr\/index.php\/ateliers-a-rennes\/#primaryimage","url":"https:\/\/lueurvegetale.fr\/wp-content\/uploads\/2024\/04\/TEINTURE-scaled.jpg","contentUrl":"https:\/\/lueurvegetale.fr\/wp-content\/uploads\/2024\/04\/TEINTURE-scaled.jpg","width":2221,"height":2560},{"@type":"BreadcrumbList","@id":"https:\/\/lueurvegetale.fr\/index.php\/ateliers-a-rennes\/#breadcrumb","itemListElement":[{"@type":"ListItem","position":1,"name":"Accueil","item":"https:\/\/lueurvegetale.fr\/"},{"@type":"ListItem","position":2,"name":"Ateliers \u00e0 Rennes"}]},{"@type":"WebSite","@id":"https:\/\/lueurvegetale.fr\/#website","url":"https:\/\/lueurvegetale.fr\/","name":"Lueur v\u00e9g\u00e9tale","description":"Explorer les couleurs v\u00e9g\u00e9tales, s&#039;inspirer de la sagesse des plantes","publisher":{"@id":"https:\/\/lueurvegetale.fr\/#organization"},"potentialAction":[{"@type":"SearchAction","target":{"@type":"EntryPoint","urlTemplate":"https:\/\/lueurvegetale.fr\/?s={search_term_string}"},"query-input":{"@type":"PropertyValueSpecification","valueRequired":true,"valueName":"search_term_string"}}],"inLanguage":"en-US"},{"@type":"Organization","@id":"https:\/\/lueurvegetale.fr\/#organization","name":"Lueur v\u00e9g\u00e9tale","url":"https:\/\/lueurvegetale.fr\/","logo":{"@type":"ImageObject","inLanguage":"en-US","@id":"https:\/\/lueurvegetale.fr\/#\/schema\/logo\/image\/","url":"https:\/\/lueurvegetale.fr\/wp-content\/uploads\/2020\/11\/cropped-EXE-LUEUR-VEGETALE-3-1.jpg","contentUrl":"https:\/\/lueurvegetale.fr\/wp-content\/uploads\/2020\/11\/cropped-EXE-LUEUR-VEGETALE-3-1.jpg","width":1414,"height":1029,"caption":"Lueur v\u00e9g\u00e9tale"},"image":{"@id":"https:\/\/lueurvegetale.fr\/#\/schema\/logo\/image\/"}}]}},"_links":{"self":[{"href":"https:\/\/lueurvegetale.fr\/index.php\/wp-json\/wp\/v2\/pages\/1406","targetHints":{"allow":["GET"]}}],"collection":[{"href":"https:\/\/lueurvegetale.fr\/index.php\/wp-json\/wp\/v2\/pages"}],"about":[{"href":"https:\/\/lueurvegetale.fr\/index.php\/wp-json\/wp\/v2\/types\/page"}],"author":[{"embeddable":true,"href":"https:\/\/lueurvegetale.fr\/index.php\/wp-json\/wp\/v2\/users\/1"}],"replies":[{"embeddable":true,"href":"https:\/\/lueurvegetale.fr\/index.php\/wp-json\/wp\/v2\/comments?post=1406"}],"version-history":[{"count":1,"href":"https:\/\/lueurvegetale.fr\/index.php\/wp-json\/wp\/v2\/pages\/1406\/revisions"}],"predecessor-version":[{"id":1408,"href":"https:\/\/lueurvegetale.fr\/index.php\/wp-json\/wp\/v2\/pages\/1406\/revisions\/1408"}],"wp:attachment":[{"href":"https:\/\/lueurvegetale.fr\/index.php\/wp-json\/wp\/v2\/media?parent=1406"}],"curies":[{"name":"wp","href":"https:\/\/api.w.org\/{rel}","templated":true}]}}