{"id":1227,"date":"2025-06-16T16:16:09","date_gmt":"2025-06-16T14:16:09","guid":{"rendered":"https:\/\/lueurvegetale.fr\/?page_id=1227"},"modified":"2025-06-20T20:09:42","modified_gmt":"2025-06-20T18:09:42","slug":"formations-pro","status":"publish","type":"page","link":"http:\/\/lueurvegetale.fr\/index.php\/formations-pro\/","title":{"rendered":"Formations professionnelles"},"content":{"rendered":"\n<p>Je propose aux professionnel.les de l&#8217;<strong>animation<\/strong>, de l&#8217;<strong>\u00e9ducation<\/strong>, du champs <strong>m\u00e9dico-socia<\/strong>l ou de la <strong>m\u00e9diation <\/strong>des formations permettant d&#8217;enrichir leurs contenus par le prisme des couleurs v\u00e9g\u00e9tales: m\u00ealant art et nature, l&#8217;objectif est de pouvoir proposer des activit\u00e9s ludiques, accessibles, cr\u00e9atives et sensibles. <\/p>\n\n\n\n<figure class=\"wp-block-image size-large\"><img loading=\"lazy\" decoding=\"async\" width=\"1024\" height=\"269\" src=\"https:\/\/lueurvegetale.fr\/wp-content\/uploads\/2025\/06\/formation-professionnelle-animation-nature-1024x269.jpg\" alt=\"\" class=\"wp-image-1248\" srcset=\"http:\/\/lueurvegetale.fr\/wp-content\/uploads\/2025\/06\/formation-professionnelle-animation-nature-1024x269.jpg 1024w, http:\/\/lueurvegetale.fr\/wp-content\/uploads\/2025\/06\/formation-professionnelle-animation-nature-300x79.jpg 300w, http:\/\/lueurvegetale.fr\/wp-content\/uploads\/2025\/06\/formation-professionnelle-animation-nature-768x202.jpg 768w, http:\/\/lueurvegetale.fr\/wp-content\/uploads\/2025\/06\/formation-professionnelle-animation-nature-1536x404.jpg 1536w, http:\/\/lueurvegetale.fr\/wp-content\/uploads\/2025\/06\/formation-professionnelle-animation-nature.jpg 1986w\" sizes=\"auto, (max-width: 1024px) 100vw, 1024px\" \/><\/figure>\n\n\n\n<p>Que ce soit de mani\u00e8re ponctuelle pour des mus\u00e9es et sites historiques comme le ch\u00e2teau de Foug\u00e8res ou de fa\u00e7on r\u00e9currente en collaboration avec le r\u00e9seau d\u2019\u00e9ducation \u00e0 l\u2019environnement UBAPAR (Union Bretonne pour l&#8217;Animation en Pays Rural), les objectifs p\u00e9dagogiques ont en commun de :<\/p>\n\n\n\n<p>\u2022 Faire connaitre les richesses de la nature et offrir de nouvelles voies d&#8217;<strong>apprentissage des sciences du vivant<\/strong><\/p>\n\n\n\n<p>\u2022 Connaitre les <strong>plantes tinctoriales locales<\/strong> et leurs usages<\/p>\n\n\n\n<p>\u2022 D\u00e9couvrir de <strong>nouvelles techniques<\/strong> par l&#8217;apprentissage de savoir-faire ancestraux dans une d\u00e9marche z\u00e9ro-d\u00e9chet, pour organiser des visites, ateliers et animations<\/p>\n\n\n\n<p>\u2022 Conna\u00eetre les <strong>m\u00e9thodes de<\/strong> <strong>r\u00e9v\u00e9lation des couleurs<\/strong> et applications\u00a0colorielles<\/p>\n\n\n\n<p>\u2022 Concevoir et <strong>mettre en \u0153uvre divers ateliers<\/strong> permettant de se relier au monde vivant et \u00e0 son pouvoir cr\u00e9atif : fabrication d&#8217;encres v\u00e9g\u00e9tales aquarelle, teinture v\u00e9g\u00e9tale sur coton ou laine, r\u00e9alisation d&#8217;empreintes sur tissu par la technique des feuilles frapp\u00e9es tataki-zom\u00e9, r\u00e9alisation de motifs par la technique Bogolan (&#8220;teindre avec la boue&#8221;), ecoprint&#8230;<\/p>\n\n\n\n<figure class=\"wp-block-image size-large\"><img loading=\"lazy\" decoding=\"async\" width=\"1024\" height=\"263\" src=\"https:\/\/lueurvegetale.fr\/wp-content\/uploads\/2025\/06\/formations-professionnelles-education-envireonnement-1024x263.jpg\" alt=\"\" class=\"wp-image-1249\" srcset=\"http:\/\/lueurvegetale.fr\/wp-content\/uploads\/2025\/06\/formations-professionnelles-education-envireonnement-1024x263.jpg 1024w, http:\/\/lueurvegetale.fr\/wp-content\/uploads\/2025\/06\/formations-professionnelles-education-envireonnement-300x77.jpg 300w, http:\/\/lueurvegetale.fr\/wp-content\/uploads\/2025\/06\/formations-professionnelles-education-envireonnement-768x197.jpg 768w, http:\/\/lueurvegetale.fr\/wp-content\/uploads\/2025\/06\/formations-professionnelles-education-envireonnement-1536x394.jpg 1536w, http:\/\/lueurvegetale.fr\/wp-content\/uploads\/2025\/06\/formations-professionnelles-education-envireonnement.jpg 1986w\" sizes=\"auto, (max-width: 1024px) 100vw, 1024px\" \/><\/figure>\n","protected":false},"excerpt":{"rendered":"<p>Je propose aux professionnel.les de l&#8217;animation, de l&#8217;\u00e9ducation, du champs m\u00e9dico-social ou de la m\u00e9diation des formations permettant d&#8217;enrichir leurs contenus par le prisme des couleurs v\u00e9g\u00e9tales: m\u00ealant art et nature, l&#8217;objectif est de pouvoir proposer des activit\u00e9s ludiques, accessibles, cr\u00e9atives et sensibles. Que ce soit de mani\u00e8re ponctuelle pour des mus\u00e9es et sites historiques [&hellip;]<\/p>\n","protected":false},"author":1,"featured_media":0,"parent":0,"menu_order":0,"comment_status":"closed","ping_status":"closed","template":"","meta":{"_monsterinsights_skip_tracking":false,"_monsterinsights_sitenote_active":false,"_monsterinsights_sitenote_note":"","_monsterinsights_sitenote_category":0,"footnotes":""},"class_list":["post-1227","page","type-page","status-publish","hentry"],"yoast_head":"<!-- This site is optimized with the Yoast SEO plugin v25.6 - https:\/\/yoast.com\/wordpress\/plugins\/seo\/ -->\n<title>Formations professionnelles - Lueur v\u00e9g\u00e9tale<\/title>\n<meta name=\"robots\" content=\"index, follow, max-snippet:-1, max-image-preview:large, max-video-preview:-1\" \/>\n<link rel=\"canonical\" href=\"https:\/\/lueurvegetale.fr\/index.php\/formations-pro\/\" \/>\n<meta property=\"og:locale\" content=\"en_US\" \/>\n<meta property=\"og:type\" content=\"article\" \/>\n<meta property=\"og:title\" content=\"Formations professionnelles - Lueur v\u00e9g\u00e9tale\" \/>\n<meta property=\"og:description\" content=\"Je propose aux professionnel.les de l&#8217;animation, de l&#8217;\u00e9ducation, du champs m\u00e9dico-social ou de la m\u00e9diation des formations permettant d&#8217;enrichir leurs contenus par le prisme des couleurs v\u00e9g\u00e9tales: m\u00ealant art et nature, l&#8217;objectif est de pouvoir proposer des activit\u00e9s ludiques, accessibles, cr\u00e9atives et sensibles. Que ce soit de mani\u00e8re ponctuelle pour des mus\u00e9es et sites historiques [&hellip;]\" \/>\n<meta property=\"og:url\" content=\"https:\/\/lueurvegetale.fr\/index.php\/formations-pro\/\" \/>\n<meta property=\"og:site_name\" content=\"Lueur v\u00e9g\u00e9tale\" \/>\n<meta property=\"article:modified_time\" content=\"2025-06-20T18:09:42+00:00\" \/>\n<meta property=\"og:image\" content=\"https:\/\/lueurvegetale.fr\/wp-content\/uploads\/2025\/06\/formation-professionnelle-animation-nature-1024x269.jpg\" \/>\n<meta name=\"twitter:card\" content=\"summary_large_image\" \/>\n<meta name=\"twitter:label1\" content=\"Est. reading time\" \/>\n\t<meta name=\"twitter:data1\" content=\"1 minute\" \/>\n<script type=\"application\/ld+json\" class=\"yoast-schema-graph\">{\"@context\":\"https:\/\/schema.org\",\"@graph\":[{\"@type\":\"WebPage\",\"@id\":\"https:\/\/lueurvegetale.fr\/index.php\/formations-pro\/\",\"url\":\"https:\/\/lueurvegetale.fr\/index.php\/formations-pro\/\",\"name\":\"Formations professionnelles - Lueur v\u00e9g\u00e9tale\",\"isPartOf\":{\"@id\":\"https:\/\/lueurvegetale.fr\/#website\"},\"primaryImageOfPage\":{\"@id\":\"https:\/\/lueurvegetale.fr\/index.php\/formations-pro\/#primaryimage\"},\"image\":{\"@id\":\"https:\/\/lueurvegetale.fr\/index.php\/formations-pro\/#primaryimage\"},\"thumbnailUrl\":\"https:\/\/lueurvegetale.fr\/wp-content\/uploads\/2025\/06\/formation-professionnelle-animation-nature-1024x269.jpg\",\"datePublished\":\"2025-06-16T14:16:09+00:00\",\"dateModified\":\"2025-06-20T18:09:42+00:00\",\"breadcrumb\":{\"@id\":\"https:\/\/lueurvegetale.fr\/index.php\/formations-pro\/#breadcrumb\"},\"inLanguage\":\"en-US\",\"potentialAction\":[{\"@type\":\"ReadAction\",\"target\":[\"https:\/\/lueurvegetale.fr\/index.php\/formations-pro\/\"]}]},{\"@type\":\"ImageObject\",\"inLanguage\":\"en-US\",\"@id\":\"https:\/\/lueurvegetale.fr\/index.php\/formations-pro\/#primaryimage\",\"url\":\"http:\/\/lueurvegetale.fr\/wp-content\/uploads\/2025\/06\/formation-professionnelle-animation-nature.jpg\",\"contentUrl\":\"http:\/\/lueurvegetale.fr\/wp-content\/uploads\/2025\/06\/formation-professionnelle-animation-nature.jpg\",\"width\":1986,\"height\":522},{\"@type\":\"BreadcrumbList\",\"@id\":\"https:\/\/lueurvegetale.fr\/index.php\/formations-pro\/#breadcrumb\",\"itemListElement\":[{\"@type\":\"ListItem\",\"position\":1,\"name\":\"Accueil\",\"item\":\"https:\/\/lueurvegetale.fr\/\"},{\"@type\":\"ListItem\",\"position\":2,\"name\":\"Formations professionnelles\"}]},{\"@type\":\"WebSite\",\"@id\":\"https:\/\/lueurvegetale.fr\/#website\",\"url\":\"https:\/\/lueurvegetale.fr\/\",\"name\":\"Lueur v\u00e9g\u00e9tale\",\"description\":\"Explorer les couleurs v\u00e9g\u00e9tales, s&#039;inspirer de la sagesse des plantes\",\"publisher\":{\"@id\":\"https:\/\/lueurvegetale.fr\/#organization\"},\"potentialAction\":[{\"@type\":\"SearchAction\",\"target\":{\"@type\":\"EntryPoint\",\"urlTemplate\":\"https:\/\/lueurvegetale.fr\/?s={search_term_string}\"},\"query-input\":{\"@type\":\"PropertyValueSpecification\",\"valueRequired\":true,\"valueName\":\"search_term_string\"}}],\"inLanguage\":\"en-US\"},{\"@type\":\"Organization\",\"@id\":\"https:\/\/lueurvegetale.fr\/#organization\",\"name\":\"Lueur v\u00e9g\u00e9tale\",\"url\":\"https:\/\/lueurvegetale.fr\/\",\"logo\":{\"@type\":\"ImageObject\",\"inLanguage\":\"en-US\",\"@id\":\"https:\/\/lueurvegetale.fr\/#\/schema\/logo\/image\/\",\"url\":\"http:\/\/lueurvegetale.fr\/wp-content\/uploads\/2020\/11\/cropped-EXE-LUEUR-VEGETALE-3-1.jpg\",\"contentUrl\":\"http:\/\/lueurvegetale.fr\/wp-content\/uploads\/2020\/11\/cropped-EXE-LUEUR-VEGETALE-3-1.jpg\",\"width\":1414,\"height\":1029,\"caption\":\"Lueur v\u00e9g\u00e9tale\"},\"image\":{\"@id\":\"https:\/\/lueurvegetale.fr\/#\/schema\/logo\/image\/\"}}]}<\/script>\n<!-- \/ Yoast SEO plugin. -->","yoast_head_json":{"title":"Formations professionnelles - Lueur v\u00e9g\u00e9tale","robots":{"index":"index","follow":"follow","max-snippet":"max-snippet:-1","max-image-preview":"max-image-preview:large","max-video-preview":"max-video-preview:-1"},"canonical":"https:\/\/lueurvegetale.fr\/index.php\/formations-pro\/","og_locale":"en_US","og_type":"article","og_title":"Formations professionnelles - Lueur v\u00e9g\u00e9tale","og_description":"Je propose aux professionnel.les de l&#8217;animation, de l&#8217;\u00e9ducation, du champs m\u00e9dico-social ou de la m\u00e9diation des formations permettant d&#8217;enrichir leurs contenus par le prisme des couleurs v\u00e9g\u00e9tales: m\u00ealant art et nature, l&#8217;objectif est de pouvoir proposer des activit\u00e9s ludiques, accessibles, cr\u00e9atives et sensibles. Que ce soit de mani\u00e8re ponctuelle pour des mus\u00e9es et sites historiques [&hellip;]","og_url":"https:\/\/lueurvegetale.fr\/index.php\/formations-pro\/","og_site_name":"Lueur v\u00e9g\u00e9tale","article_modified_time":"2025-06-20T18:09:42+00:00","og_image":[{"url":"https:\/\/lueurvegetale.fr\/wp-content\/uploads\/2025\/06\/formation-professionnelle-animation-nature-1024x269.jpg","type":"","width":"","height":""}],"twitter_card":"summary_large_image","twitter_misc":{"Est. reading time":"1 minute"},"schema":{"@context":"https:\/\/schema.org","@graph":[{"@type":"WebPage","@id":"https:\/\/lueurvegetale.fr\/index.php\/formations-pro\/","url":"https:\/\/lueurvegetale.fr\/index.php\/formations-pro\/","name":"Formations professionnelles - Lueur v\u00e9g\u00e9tale","isPartOf":{"@id":"https:\/\/lueurvegetale.fr\/#website"},"primaryImageOfPage":{"@id":"https:\/\/lueurvegetale.fr\/index.php\/formations-pro\/#primaryimage"},"image":{"@id":"https:\/\/lueurvegetale.fr\/index.php\/formations-pro\/#primaryimage"},"thumbnailUrl":"https:\/\/lueurvegetale.fr\/wp-content\/uploads\/2025\/06\/formation-professionnelle-animation-nature-1024x269.jpg","datePublished":"2025-06-16T14:16:09+00:00","dateModified":"2025-06-20T18:09:42+00:00","breadcrumb":{"@id":"https:\/\/lueurvegetale.fr\/index.php\/formations-pro\/#breadcrumb"},"inLanguage":"en-US","potentialAction":[{"@type":"ReadAction","target":["https:\/\/lueurvegetale.fr\/index.php\/formations-pro\/"]}]},{"@type":"ImageObject","inLanguage":"en-US","@id":"https:\/\/lueurvegetale.fr\/index.php\/formations-pro\/#primaryimage","url":"http:\/\/lueurvegetale.fr\/wp-content\/uploads\/2025\/06\/formation-professionnelle-animation-nature.jpg","contentUrl":"http:\/\/lueurvegetale.fr\/wp-content\/uploads\/2025\/06\/formation-professionnelle-animation-nature.jpg","width":1986,"height":522},{"@type":"BreadcrumbList","@id":"https:\/\/lueurvegetale.fr\/index.php\/formations-pro\/#breadcrumb","itemListElement":[{"@type":"ListItem","position":1,"name":"Accueil","item":"https:\/\/lueurvegetale.fr\/"},{"@type":"ListItem","position":2,"name":"Formations professionnelles"}]},{"@type":"WebSite","@id":"https:\/\/lueurvegetale.fr\/#website","url":"https:\/\/lueurvegetale.fr\/","name":"Lueur v\u00e9g\u00e9tale","description":"Explorer les couleurs v\u00e9g\u00e9tales, s&#039;inspirer de la sagesse des plantes","publisher":{"@id":"https:\/\/lueurvegetale.fr\/#organization"},"potentialAction":[{"@type":"SearchAction","target":{"@type":"EntryPoint","urlTemplate":"https:\/\/lueurvegetale.fr\/?s={search_term_string}"},"query-input":{"@type":"PropertyValueSpecification","valueRequired":true,"valueName":"search_term_string"}}],"inLanguage":"en-US"},{"@type":"Organization","@id":"https:\/\/lueurvegetale.fr\/#organization","name":"Lueur v\u00e9g\u00e9tale","url":"https:\/\/lueurvegetale.fr\/","logo":{"@type":"ImageObject","inLanguage":"en-US","@id":"https:\/\/lueurvegetale.fr\/#\/schema\/logo\/image\/","url":"http:\/\/lueurvegetale.fr\/wp-content\/uploads\/2020\/11\/cropped-EXE-LUEUR-VEGETALE-3-1.jpg","contentUrl":"http:\/\/lueurvegetale.fr\/wp-content\/uploads\/2020\/11\/cropped-EXE-LUEUR-VEGETALE-3-1.jpg","width":1414,"height":1029,"caption":"Lueur v\u00e9g\u00e9tale"},"image":{"@id":"https:\/\/lueurvegetale.fr\/#\/schema\/logo\/image\/"}}]}},"_links":{"self":[{"href":"http:\/\/lueurvegetale.fr\/index.php\/wp-json\/wp\/v2\/pages\/1227","targetHints":{"allow":["GET"]}}],"collection":[{"href":"http:\/\/lueurvegetale.fr\/index.php\/wp-json\/wp\/v2\/pages"}],"about":[{"href":"http:\/\/lueurvegetale.fr\/index.php\/wp-json\/wp\/v2\/types\/page"}],"author":[{"embeddable":true,"href":"http:\/\/lueurvegetale.fr\/index.php\/wp-json\/wp\/v2\/users\/1"}],"replies":[{"embeddable":true,"href":"http:\/\/lueurvegetale.fr\/index.php\/wp-json\/wp\/v2\/comments?post=1227"}],"version-history":[{"count":2,"href":"http:\/\/lueurvegetale.fr\/index.php\/wp-json\/wp\/v2\/pages\/1227\/revisions"}],"predecessor-version":[{"id":1251,"href":"http:\/\/lueurvegetale.fr\/index.php\/wp-json\/wp\/v2\/pages\/1227\/revisions\/1251"}],"wp:attachment":[{"href":"http:\/\/lueurvegetale.fr\/index.php\/wp-json\/wp\/v2\/media?parent=1227"}],"curies":[{"name":"wp","href":"https:\/\/api.w.org\/{rel}","templated":true}]}}